{"id":666,"date":"2022-01-28T17:50:00","date_gmt":"2022-01-28T15:50:00","guid":{"rendered":"http:\/\/koeb-stephanus.stludger-selm.de\/?page_id=666"},"modified":"2022-02-10T18:59:56","modified_gmt":"2022-02-10T16:59:56","slug":"opac-bibliothekskatalog","status":"publish","type":"page","link":"https:\/\/koeb-stephanus.stludger-selm.de\/?page_id=666","title":{"rendered":"OPAC &#8211; Bibliothekskatalog"},"content":{"rendered":"<h2><strong>Herzlich Willkommen im Web-OPAC des Bistums M\u00fcnster<\/strong><\/h2>\n<h2><a href=\"http:\/\/webopac.bistum-muenster.de\/bork\/index.asp?DB=OPAC_Bork\" target=\"_blank\" rel=\"noopener\">K\u00d6B St. Stephanus Selm-Bork<\/a><\/h2>\n<p>Hier finden Sie die Medienkataloge der Katholischen \u00d6ffentlichen B\u00fcchereien in Kirchengemeinden, Bibliotheken in Krankenh\u00e4usern, Altenheimen und sonstigen Heimen im rheinisch-westf\u00e4lischen und im oldenburgischen Teil des Bistums. Diese B\u00fcchereien arbeiten mit der Fachstelle B\u00fcchereien der Hauptabteilung Seelsorge im Bisch\u00f6flichen Generalvikariat M\u00fcnster und dem Offizialat in Vechta zusammen.<\/p>\n<h2><strong><a href=\"http:\/\/webopac.bistum-muenster.de\/bork\/index.asp?kontofenster=start\" target=\"_blank\" rel=\"noopener\">Zugriff auf Ihr Leserkonto<\/a><\/strong><\/h2>\n<p>F\u00fcr die Einwahl in Ihr Leserkonto ben\u00f6tigen Sie Ihre Ausweisnummer und Ihr Passwort.<br \/>\n<img loading=\"lazy\" decoding=\"async\" class=\"wp-image-1219 size-medium alignnone\" src=\"https:\/\/koeb-stephanus.stludger-selm.de\/wp-content\/uploads\/2022\/01\/2022-01-29-Benutzerkonto-300x72.jpg\" alt=\"\" width=\"300\" height=\"72\" srcset=\"https:\/\/koeb-stephanus.stludger-selm.de\/wp-content\/uploads\/2022\/01\/2022-01-29-Benutzerkonto-300x72.jpg 300w, https:\/\/koeb-stephanus.stludger-selm.de\/wp-content\/uploads\/2022\/01\/2022-01-29-Benutzerkonto.jpg 648w\" sizes=\"auto, (max-width: 300px) 100vw, 300px\" \/><br \/>\nIhr Passwort ist Ihr Geburtsdatum in der Form <strong>TT.MM.JJJJ<\/strong><br \/>\n(Eingabe mit Punkten!)<\/p>\n<p>In Ihrem Konto k\u00f6nnen Sie Ihren derzeit ausgeliehenen Medien sowie Ihre Vorbestellungen einsehen.<\/p>\n<p><img loading=\"lazy\" decoding=\"async\" class=\"wp-image-1234 size-medium alignnone\" src=\"https:\/\/koeb-stephanus.stludger-selm.de\/wp-content\/uploads\/2022\/02\/2022-01-29-Benutzerkonto_verlaengern-300x77.jpg\" alt=\"\" width=\"300\" height=\"77\" srcset=\"https:\/\/koeb-stephanus.stludger-selm.de\/wp-content\/uploads\/2022\/02\/2022-01-29-Benutzerkonto_verlaengern-300x77.jpg 300w, https:\/\/koeb-stephanus.stludger-selm.de\/wp-content\/uploads\/2022\/02\/2022-01-29-Benutzerkonto_verlaengern-768x198.jpg 768w, https:\/\/koeb-stephanus.stludger-selm.de\/wp-content\/uploads\/2022\/02\/2022-01-29-Benutzerkonto_verlaengern.jpg 929w\" sizes=\"auto, (max-width: 300px) 100vw, 300px\" \/><\/p>\n<p>\u00dcber \u00a0&#8222;<strong>Verl\u00e4ngern<\/strong>&#8220; k\u00f6nnen Sie Ihr Medium um die \u00fcbliche Frist verl\u00e4ngern.<br \/>\n\u00dcber \u00a0<img loading=\"lazy\" decoding=\"async\" class=\"alignnone size-full wp-image-673\" src=\"http:\/\/koeb-stephanus.stludger-selm.de\/wp-content\/uploads\/2016\/07\/info.jpg\" alt=\"info\" width=\"22\" height=\"18\" \/> erhalten Sie weitere Informationen zum Medium (z.B. warum keine Verl\u00e4ngerung m\u00f6glich ist).<br \/>\n\u00dcber &#8222;<strong>Vorbestellen<\/strong>&#8220; k\u00f6nnen Sie Medien der K\u00d6B Selm-Bork vorbestellen und falls sie ausleihbar sind, am Tag der n\u00e4chsten Ausleihe abholen.<\/p>\n<p><a href=\"https:\/\/koeb-stephanus.stludger-selm.de\/wp-content\/uploads\/2022\/01\/anleitung-OPAC-1-scaled.jpg\"><img loading=\"lazy\" decoding=\"async\" class=\"alignleft wp-image-1222 size-medium\" src=\"https:\/\/koeb-stephanus.stludger-selm.de\/wp-content\/uploads\/2022\/01\/anleitung-OPAC-1-300x172.jpg\" alt=\"Anleitung OPAC\" width=\"300\" height=\"172\" srcset=\"https:\/\/koeb-stephanus.stludger-selm.de\/wp-content\/uploads\/2022\/01\/anleitung-OPAC-1-300x172.jpg 300w, https:\/\/koeb-stephanus.stludger-selm.de\/wp-content\/uploads\/2022\/01\/anleitung-OPAC-1-1024x586.jpg 1024w, https:\/\/koeb-stephanus.stludger-selm.de\/wp-content\/uploads\/2022\/01\/anleitung-OPAC-1-768x439.jpg 768w, https:\/\/koeb-stephanus.stludger-selm.de\/wp-content\/uploads\/2022\/01\/anleitung-OPAC-1-1536x879.jpg 1536w, https:\/\/koeb-stephanus.stludger-selm.de\/wp-content\/uploads\/2022\/01\/anleitung-OPAC-1-2048x1172.jpg 2048w\" sizes=\"auto, (max-width: 300px) 100vw, 300px\" \/><\/a><\/p>\n","protected":false},"excerpt":{"rendered":"<p>Herzlich Willkommen im Web-OPAC des Bistums M\u00fcnster K\u00d6B St. Stephanus Selm-Bork Hier finden Sie die Medienkataloge der Katholischen \u00d6ffentlichen B\u00fcchereien in Kirchengemeinden, Bibliotheken in Krankenh\u00e4usern, Altenheimen und sonstigen Heimen im rheinisch-westf\u00e4lischen und im oldenburgischen Teil<\/p>\n","protected":false},"author":2,"featured_media":0,"parent":0,"menu_order":1,"comment_status":"closed","ping_status":"closed","template":"","meta":{"footnotes":""},"class_list":["post-666","page","type-page","status-publish","hentry"],"_links":{"self":[{"href":"https:\/\/koeb-stephanus.stludger-selm.de\/index.php?rest_route=\/wp\/v2\/pages\/666","targetHints":{"allow":["GET"]}}],"collection":[{"href":"https:\/\/koeb-stephanus.stludger-selm.de\/index.php?rest_route=\/wp\/v2\/pages"}],"about":[{"href":"https:\/\/koeb-stephanus.stludger-selm.de\/index.php?rest_route=\/wp\/v2\/types\/page"}],"author":[{"embeddable":true,"href":"https:\/\/koeb-stephanus.stludger-selm.de\/index.php?rest_route=\/wp\/v2\/users\/2"}],"replies":[{"embeddable":true,"href":"https:\/\/koeb-stephanus.stludger-selm.de\/index.php?rest_route=%2Fwp%2Fv2%2Fcomments&post=666"}],"version-history":[{"count":13,"href":"https:\/\/koeb-stephanus.stludger-selm.de\/index.php?rest_route=\/wp\/v2\/pages\/666\/revisions"}],"predecessor-version":[{"id":1236,"href":"https:\/\/koeb-stephanus.stludger-selm.de\/index.php?rest_route=\/wp\/v2\/pages\/666\/revisions\/1236"}],"wp:attachment":[{"href":"https:\/\/koeb-stephanus.stludger-selm.de\/index.php?rest_route=%2Fwp%2Fv2%2Fmedia&parent=666"}],"curies":[{"name":"wp","href":"https:\/\/api.w.org\/{rel}","templated":true}]}}

<h2><strong>Herzlich Willkommen im Web-OPAC des Bistums Münster</strong></h2>
<h2><a href="http://webopac.bistum-muenster.de/bork/index.asp?DB=OPAC_Bork" target="_blank" rel="noopener">KÖB St. Stephanus Selm-Bork</a></h2>
<p>Hier finden Sie die Medienkataloge der Katholischen Öffentlichen Büchereien in Kirchengemeinden, Bibliotheken in Krankenhäusern, Altenheimen und sonstigen Heimen im rheinisch-westfälischen und im oldenburgischen Teil des Bistums. Diese Büchereien arbeiten mit der Fachstelle Büchereien der Hauptabteilung Seelsorge im Bischöflichen Generalvikariat Münster und dem Offizialat in Vechta zusammen.</p>
<h2><strong><a href="http://webopac.bistum-muenster.de/bork/index.asp?kontofenster=start" target="_blank" rel="noopener">Zugriff auf Ihr Leserkonto</a></strong></h2>
<p>Für die Einwahl in Ihr Leserkonto benötigen Sie Ihre Ausweisnummer und Ihr Passwort.<br />
<img loading="lazy" decoding="async" class="wp-image-1219 size-medium alignnone" src="https://koeb-stephanus.stludger-selm.de/wp-content/uploads/2022/01/2022-01-29-Benutzerkonto-300x72.jpg" alt="" width="300" height="72" srcset="https://koeb-stephanus.stludger-selm.de/wp-content/uploads/2022/01/2022-01-29-Benutzerkonto-300x72.jpg 300w, https://koeb-stephanus.stludger-selm.de/wp-content/uploads/2022/01/2022-01-29-Benutzerkonto.jpg 648w" sizes="auto, (max-width: 300px) 100vw, 300px" /><br />
Ihr Passwort ist Ihr Geburtsdatum in der Form <strong>TT.MM.JJJJ</strong><br />
(Eingabe mit Punkten!)</p>
<p>In Ihrem Konto können Sie Ihren derzeit ausgeliehenen Medien sowie Ihre Vorbestellungen einsehen.</p>
<p><img loading="lazy" decoding="async" class="wp-image-1234 size-medium alignnone" src="https://koeb-stephanus.stludger-selm.de/wp-content/uploads/2022/02/2022-01-29-Benutzerkonto_verlaengern-300x77.jpg" alt="" width="300" height="77" srcset="https://koeb-stephanus.stludger-selm.de/wp-content/uploads/2022/02/2022-01-29-Benutzerkonto_verlaengern-300x77.jpg 300w, https://koeb-stephanus.stludger-selm.de/wp-content/uploads/2022/02/2022-01-29-Benutzerkonto_verlaengern-768x198.jpg 768w, https://koeb-stephanus.stludger-selm.de/wp-content/uploads/2022/02/2022-01-29-Benutzerkonto_verlaengern.jpg 929w" sizes="auto, (max-width: 300px) 100vw, 300px" /></p>
<p>Über  &#8222;<strong>Verlängern</strong>&#8220; können Sie Ihr Medium um die übliche Frist verlängern.<br />
Über  <img loading="lazy" decoding="async" class="alignnone size-full wp-image-673" src="http://koeb-stephanus.stludger-selm.de/wp-content/uploads/2016/07/info.jpg" alt="info" width="22" height="18" /> erhalten Sie weitere Informationen zum Medium (z.B. warum keine Verlängerung möglich ist).<br />
Über &#8222;<strong>Vorbestellen</strong>&#8220; können Sie Medien der KÖB Selm-Bork vorbestellen und falls sie ausleihbar sind, am Tag der nächsten Ausleihe abholen.</p>
<p><a href="https://koeb-stephanus.stludger-selm.de/wp-content/uploads/2022/01/anleitung-OPAC-1-scaled.jpg"><img loading="lazy" decoding="async" class="alignleft wp-image-1222 size-medium" src="https://koeb-stephanus.stludger-selm.de/wp-content/uploads/2022/01/anleitung-OPAC-1-300x172.jpg" alt="Anleitung OPAC" width="300" height="172" srcset="https://koeb-stephanus.stludger-selm.de/wp-content/uploads/2022/01/anleitung-OPAC-1-300x172.jpg 300w, https://koeb-stephanus.stludger-selm.de/wp-content/uploads/2022/01/anleitung-OPAC-1-1024x586.jpg 1024w, https://koeb-stephanus.stludger-selm.de/wp-content/uploads/2022/01/anleitung-OPAC-1-768x439.jpg 768w, https://koeb-stephanus.stludger-selm.de/wp-content/uploads/2022/01/anleitung-OPAC-1-1536x879.jpg 1536w, https://koeb-stephanus.stludger-selm.de/wp-content/uploads/2022/01/anleitung-OPAC-1-2048x1172.jpg 2048w" sizes="auto, (max-width: 300px) 100vw, 300px" /></a></p>

<p>Herzlich Willkommen im Web-OPAC des Bistums Münster KÖB St. Stephanus Selm-Bork Hier finden Sie die Medienkataloge der Katholischen Öffentlichen Büchereien in Kirchengemeinden, Bibliotheken in Krankenhäusern, Altenheimen und sonstigen Heimen im rheinisch-westfälischen und im oldenburgischen Teil</p>
